07?
5
What is the hundred millions digit of 1390068160?
3
What is the tens digit of 243965175?
7
What is the tens digit of 354447302?
0
What is the thousands digit of 185016953?
6
What is the thousands digit of 280213085?
3
What is the hundreds digit of 135656409?
4
What is the tens digit of 46685474?
7
What is the hundreds digit of 3791090537?
5
What is the ten millions digit of 43939476?
4
What is the hundreds digit of 846740674?
6
What is the thousands digit of 132349254?
9
What is the ten millions digit of 19657937?
1
What is the tens digit of 94357341?
4
What is the hundreds digit of 15242872?
8
What is the hundreds digit of 44405205?
2
What is the units digit of 19356995?
5
What is the millions digit of 278661962?
8
What is the millions digit of 135821394?
5
What is the ten thousands digit of 49848338?
4
What is the ten millions digit of 6276750893?
7
What is the hundreds digit of 45418802?
8
What is the hundred millions digit of 263632931?
2
What is the ten millions digit of 583222895?
8
What is the hundreds digit of 514920005?
0
What is the hundred thousands digit of 2443564002?
5
What is the billions digit of 4315008356?
4
What is the units digit of 19213256?
6
What is the hundred thousands digit of 2406980929?
9
What is the ten thousands digit of 984584407?
8
What is the tens digit of 2749654715?
1
What is the hundreds digit of 11188443?
4
What is the hundreds digit of 513045463?
4
What is the hundred thousands digit of 125764843?
7
What is the ten thousands digit of 24184910?
8
What is the ten thousands digit of 56419870?
1
What is the hundreds digit of 13068612?
6
What is the hundred millions digit of 108674206?
1
What is the ten millions digit of 288659968?
8
What is the millions digit of 151026109?
1
What is the hundred thousands digit of 990178087?
1
What is the hundred millions digit of 510421023?
5
What is the ten thousands digit of 1280412882?
1
What is the millions digit of 109822447?
9
What is the tens digit of 18221667?
6
What is the millions digit of 5345975600?
5
What is the hundreds digit of 3472741617?
6
What is the billions digit of 1324492314?
1
What is the units digit of 244933096?
6
What is the tens digit of 481144247?
4
What is the units digit of 473371417?
7
What is the millions digit of 2950685?
2
What is the hundreds digit of 104245310?
3
What is the ten millions digit of 21378211?
2
What is the hundreds digit of 3352709192?
1
What is the units digit of 62461096?
6
What is the thousands digit of 284892466?
2
What is the hundreds digit of 63982711?
7
What is the ten millions digit of 2263470546?
6
What is the thousands digit of 348531389?
1
What is the hundred millions digit of 4742525046?
7
What is the millions digit of 79543939?
9
What is the ten millions digit of 106248021?
0
What is the hundred thousands digit of 47660524?
6
What is the hundred thousands digit of 79192767?
1
What is the thousands digit of 988784988?
4
What is the hundreds digit of 4595838624?
6
What is the ten thousands digit of 857717228?
1
What is the hundred thousands digit of 415557098?
5
What is the ten millions digit of 86613236?
8
What is the ten thousands digit of 176755264?
5
What is the billions digit of 1461516165?
1
What is the tens digit of 768329133?
3
What is the hundred thousands digit of 543127927?
1
What is the millions digit of 234814804?
4
What is the tens digit of 4867293626?
2
What is the units digit of 348395422?
2
What is the hundred thousands digit of 167683606?
6
What is the thousands digit of 893837474?
7
What is the millions digit of 1344932479?
4
What is the hundreds digit of 250046445?
4
What is the ten millions digit of 53062063?
5
What is the millions digit of 61250847?
1
What is the ten thousands digit of 886472210?
7
What is the millions digit of 2736344775?
6
What is the ten thousands digit of 71574403?
7
What is the ten thousands digit of 72885183?
8
What is the ten millions digit of 484297404?
8
What is the units digit of 3497298906?
6
What is the ten millions digit of 3217361554?
1
What is the ten thousands digit of 132682360?
8
What is the units digit of 870960063?
3
What is the units digit of 55191590?
0
What is the units digit of 37577546?
6
What is the ten thousands digit of 460338430?
3
What is the tens digit of 1809138868?
6
What is the ten millions digit of 96171843?
9
What is the ten millions digit of 16401824?
1
What is the hundred thousands digit of 92235949?
2
What is the units digit of 2381584?
4
What is the ten thousands digit of 1734964?
3
What is the ten thousands digit of 55844342?
4
What is the hundred thousands digit of 154783333?
7
What is the millions digit of 1292040158?
2
What is the billions digit of 2831161832?
2
What is the units digit of 53524648?
8
What is the hundred millions digit of 4696860582?
6
What is the tens digit of 77522570?
7
What is the units digit of 39378711?
1
What is the tens digit of 299786977?
7
What is the units digit of 526558711?
1
What is the ten thousands digit of 118923092?
2
What is the hundreds digit of 493234210?
2
What is the ten millions digit of 419923217?
1
What is the thousands digit of 114218790?
8
What is the hundred thousands digit of 885198768?
1
What is the thousands digit of 90800737?
0
What is the units digit of 59705278?
8
What is the tens digit of 5942841?
4
What is the ten millions digit of 14617758?
1
What is the thousands digit of 1448400410?
0
What is the units digit of 4038501262?
2
What is the ten thousands digit of 28957782?
5
What is the thousands digit of 58193015?
3
What is the millions digit of 1001441358?
1
What is the billions digit of 1422787340?
1
What is the ten millions digit of 869904859?
6
What is the tens digit of 2964413720?
2
What is the ten thousands digit of 34640851?
4
What is the billions digit of 9775541858?
9
What is the units digit of 847188376?
6
What is the hundred thousands digit of 692788671?
7
What is the tens digit of 564075389?
8
What is the thousands digit of 791394056?
4
What is the millions digit of 281474490?
1
What is the tens digit of 306532743?
4
What is the millions digit of 47694579?
7
What is the billions digit of 1328488891?
1
What is the ten millions digit of 22061316?
2
What is the tens digit of 19146090?
9
What is the billions digit of 1308898797?
1
What is the ten thousands digit of 142171383?
7
What is the thousands digit of 2609880508?
0
What is the ten thousands digit of 578336987?
3
What is the tens digit of 814819536?
3
What is the tens digit of 25209104?
0
What is the ten millions digit of 142712148?
4
What is the ten thousands digit of 987959683?
5
What is the thousands digit of 3635148825?
8
What is the ten thousands digit of 692266253?
6
What is the ten millions digit of 51836449?
5
What is the thousands digit of 1091758768?
8
What is the units digit of 371348143?
3
What is the units digit of 153098156?
6
What is the units digit of 533568309?
9
What is the units digit of 127554534?
4
What is the ten millions digit of 229993026?
2
What is the hundred millions digit of 317596593?
3
What is the ten millions digit of 147751971?
4
What is the ten millions digit of 83709967?
8
What is the ten millions digit of 465612316?
6
What is the hundred millions digit of 3513016802?
5
What is the hundred thousands digit of 302199730?
1
What is the hundreds digit of 214333098?
0
What is the tens digit of 6109926469?
6
What is the units digit of 1257081620?
0
What is the hundreds digit of 1462333491?
4
What is the hundreds digit of 93895359?
3
What is the hundred thousands digit of 20089255?
0
What is the hundred millions digit of 121771394?
1
What is the tens digit of 1807929742?
4
What is the hundred thousands digit of 63396900?
3
What is the thousands digit of 97164228?
4
What is the hundred thousands digit of 34491113?
4
What is the ten thousands digit of 399380919?
8
What is the thousands digit of 80537101?
7
What is the hundred thousands digit of 645447108?
4
What is the units digit of 42837349?
9
What is the hundred thousands digit of 2229382499?
3
What is the ten thousands digit of 2664373219?
7
What is the units digit of 501209282?
2
What is the ten millions digit of 612810824?
1
What is the millions digit of 76443561?
6
What is the thousands digit of 276246245?
6
What is the hundred